10. Give r(p).
-1
Let c(k) = -9*k**2 - 13*k + 11. Let g(m) = -4*m**2 - 6*m + 5. Let y(q) = 6*c(q) - 13*g(q). Let w be y(-1). Let o(v) = -1 - 1 + 10*v**2 + 3 + v. Calculate o(w).
10
Let p(j) = 12*j + 1. Let q(l) = -26*l - 3. Let v(f) = 9*p(f) + 4*q(f). What is v(3)?
9
Let w(g) be the first derivative of -g**3/3 - 6*g**2 - 5*g - 8. Let f be w(-11). Let b(s) = -s**2 + 7*s - 4. What is b(f)?
2
Suppose -39 - 16 = -11*z. Let y(h) = h**2 - 6*h - 2. Determine y(z).
-7
Let j(b) = 4*b - 20 - 13 + b**2 + 32. What is j(-3)?
-4
Let r(u) = -u**2 - 10*u - 10. Let k be ((-3)/6 + 2)*-6. Let g be r(k). Let d(x) = -9*x**3 - x - 1. What is d(g)?
9
Let w(g) = g**3 + 3*g**2 - 2*g. Let k = -91 - -96. Let r = 13 - -2. Suppose k*m + r = -0. Give w(m).
6
Suppose 5*f + 12 = 37. Suppose n - 15 = 5*v - 4*n, -4*v - n = -13. Suppose -f*a + 4*q + 12 = 3*q, -4*a + 6 = -v*q. Let h(x) = x**2 - 5*x + 2. Give h(a).
-4
Let j(s) be the second derivative of s**5/20 + s**2 - 8*s. Suppose 4*g = -g - d + 3, -2*d = 5*g - 6. What is j(g)?
2
Let t(x) = -2 + x + 4*x + 0*x - 6*x. What is t(-7)?
5
Let p(b) = -b**2 + 2. Let c be (-1 - 1)*6/(-4). What is p(c)?
-7
Let c(n) = 9*n**3 + 11*n + 13. Let s(a) = 5*a**3 + 6*a + 7. Let i(k) = -6*c(k) + 11*s(k). Let h be i(1). Let z(v) = -v - 1. Give z(h).
-1
Suppose 0 = 6*y - 9*y - 3, -j + 2*y = -3. Let z(w) = 5*w**2 + w. What is z(j)?
6
Let a(y) = -7*y**2 + 3*y - 13. Suppose -5*p + 3*p = 10. Let x(g) = 4*g**2 - g + 7. Let r(j) = p*x(j) - 3*a(j). Give r(5).
9
Let t(a) = a**2 - 10*a - 2. Let d(p) = -p**2 + 11*p + 3. Let s(x) = 4*d(x) + 5*t(x). Let r be (7 - -3)*(-2)/(-5). Give s(r).
-6
Let h(r) = -2*r**2 + 6*r - 1. Let f(y) = y + 3*y + 12 - 9*y + 4*y. Let v be f(8). Calculate h(v).
-9
Let d(h) = h - 1. Let z be (2/4)/(3/12). Let i = z + -4. Let m be 0*i*2/(-8). Give d(m).
-1
Let s be 23 - (-3 - (-6)/3). Suppose -g = -4*r + s, 2*r + 1 - 3 = -2*g. Let m(h) be the first derivative of -h**3/3 - h**2/2 + h + 2. Give m(g).
-11
Let y(m) = 4*m + 2. Let t be 340/35 - 2/(-7). Let h = -14 + t. Give y(h).
-14
Let x = 17 - 13. Let j(d) = d**3 - 5*d**2 + 2*d + 4. Determine j(x).
-4
Let s be 1/(-1 - (-2)/3). Let y(d) = -d - 3. Let t be y(-5). Let i(z) = -z + 0*z**2 + z**3 + 3 - 3*z**t + 5*z**2. Calculate i(s).
-3
Let z(v) = v**2 + 5*v + 4. Let y be ((-5)/10)/(2/(-12)). Let b = y + -6. What is z(b)?
-2
Let x(h) = -3*h - 1 - h**2 - 1 + 6. Let t(q) = 10*q**3 - 11*q**3 - 1 - 2 + 11*q**2 - 21 - 8*q. Let c be t(10). Give x(c).
0
Let r(v) = -3*v - 8. Let l be r(-6). Suppose 3*u - u = -l. Let k(h) = h + 5. Let m(f) = 2*f + 9. Let t(g) = 5*k(g) - 2*m(g). Calculate t(u).
2
Let z(x) = x**3 + x**2 - x + 2. Let o be (-2)/(-7) - 26/(-7). Let r be 1/((-3)/o - -1). Suppose 8 + 0 = -r*l. Calculate z(l).
0
Let t(q) be the second derivative of q**5/20 + q**4/3 + q**3/6 - 3*q**2/2 + q. Give t(-4).
-7
Let a(r) = r**3 + 4*r**2 - 5*r - 2. Let t be a(-5). Let v be 2 - t - (-2 - -4). Suppose 0 = -v*q + 8, 10 = -2*z + 2*q - 6. Let p(o) = o - 1. Give p(z).
-5
Let c(b) = b**3 - 4*b**2 + 4*b - 3. Suppose -8*u + 21 = 5. Determine c(u).
-3
Let v(p) = -p**2 + 4. Suppose 5*s + 3*j = -13, -7*j + 5*j - 2 = 0. Let r be 0 + (s - -1 - 2). Give v(r).
-5
Let s(w) = w + 1. Let b(i) = -i - 4. Let c(y) = b(y) + 2*s(y). Calculate c(4).
2
Let h(f) = -9*f**3 + 13*f**3 - 10*f**3. What is h(-1)?
6
Let x(n) = n**2 - n**2 - 4*n**2 - 2 + 2*n**2 + 2*n. Let f be ((-2)/(-3))/1*3. What is x(f)?
-6
Let s(c) = c**3 + 5*c**2 + 4*c - 1. Let u be s(-4). Let n be ((-1)/2 - 0)*0. Let v(w) = -1 + n*w - w - 2*w. Determine v(u).
2
Suppose 0 + 5 = t. Let n(u) be the second derivative of -u**3/3 + 3*u**2 - 6*u. Let x be n(t). Let k(s) = s + 5. Give k(x).
1
Let r(x) = -5*x - 4. Let j(i) = -3*i - 2. Let s(a) = 7*j(a) - 3*r(a). What is s(-3)?
16
Let q(g) = 3*g + 3. Suppose 2*j - 20 = -2. Let w be (-4)/(-10)*(1 + j). Let o = 1 - w. Calculate q(o).
-6
Let w(j) = -j**2 + 3*j - 1. Let t(z) = -2*z**2 + 6*z - 2. Let i(c) = -c - 11. Let u be i(-8). Let a(n) = u*t(n) + 5*w(n). Calculate a(2).
-1
Let w(b) = -2*b + 3*b - 3*b**2 + 2*b**2. Let z(y) = y + 7. Let g be z(-5). Let f be g + -3 + 0/1. Calculate w(f).
-2
Let y be (-7 + 2)*(-8)/(-10). Let d(n) = 14*n**2 - 10*n + 16. Let i(h) = -5*h**2 + 3*h - 5. Let u(l) = y*d(l) - 11*i(l). Give u(6).
-3
Let v(o) = 12*o**2 - 20*o**2 + 3*o**2. Determine v(-2).
-20
Let u(s) = -6*s + 5*s**2 + 3 + 3 + 7*s + s**3 + 6*s. Calculate u(-4).
-6
Let a(q) = 2*q**3 - 8*q**2 - 12*q - 23. Let i(k) = k**3 - 4*k**2 - 6*k - 11. Let n(p) = -6*a(p) + 13*i(p). Give n(5).
-10
Let k(i) = -4*i**3 - 8 + i**3 - i - 8*i**2 + 4*i**3 + 9*i**2. What is k(0)?
-8
Let y be -12*((-1)/(-2))/1. Let z = -7 - y. Let k be 0/(-1 - z - -2). Let x(m) = m**3 - m**2 - m + 3. What is x(k)?
3
Let o(n) = -n**3 - 7*n**2 + 4*n - 2. Let c(u) = 2*u**3 + 8*u**2 - 4*u + 2. Let v be 2 - 3 - (2 - 0). Let y(p) = v*o(p) - 2*c(p). Give y(3).
8
Let m(i) be the third derivative of -i**4/8 - 2*i**3/3 - 11*i**2. Give m(-4).
8
Let l(c) = -4*c**2 - 13*c + 15. Let p(i) = -2*i**2 - 6*i + 7. Let b(f) = 3*l(f) - 7*p(f). Calculate b(3).
23
Let f = -5 - -7. Suppose 0 = 2*c - 0 - f. Let g(x) = 1. Let o(q) = -5*q - 1. Let h(i) = -2*g(i) - o(i). Determine h(c).
4
Suppose -c + 5*c = 4*s - 4, 0 = -c + 5*s + 3. Let q(z) = 4*z - 2. What is q(c)?
-10
Suppose -2*q + q = -6. Let n(w) = -w**2 + w**3 + 173 - 5*w**2 - w - 170. Calculate n(q).
-3
Let f be (-1)/(-4*(-3)/24). Let h(m) = m - 1. Give h(f).
-3
Let y(t) = t**3 + 7 + 6*t - 4*t**2 - 6*t**3 + 4*t**3. Determine y(-5).
2
Let q be -10*1 + 3/3. Let z(y) = 4*y + 3. Let l be z(-4). Let n = l - q. Let s(c) = c**3 + 4*c**2 + c - 2. Give s(n).
-6
Let q(k) = -2*k + 34. Let c be q(18). Let p be (-2)/(-7) + (-24)/(-14). Let f(x) = -1 + p*x + 0 + x**2 - 3*x. Determine f(c).
5
Let f = -15 - -18. Let a(p) = -3 - p + f + 1 - 2. What is a(4)?
-5
Let g(d) = -2*d + 8. Suppose -f - 24 = -4*p, -p = p + 4*f + 6. Let c = p - -1. Suppose -w + 0*w = -c. What is g(w)?
-4
Let h(n) = n**3 - 5*n**2 + 2*n - 9. Let s be h(6). Suppose -9 = -5*x - s. Let k(y) = y**3 + 7*y**2 + 6*y - 5. Determine k(x).
-5
Let m(b) = b**2 - 2*b + 2. Let s be m(2). Let r(k) = -3*k + 2. What is r(s)?
-4
Let i(c) be the third derivative of -1/3*c**4 + 0 + 2*c**2 + 0*c - 1/30*c**5 - 1/3*c**3. Let u(q) = q**2 + 4*q + 1. Let a(p) = 3*i(p) + 7*u(p). Give a(-2).
-3
Let t be -3*1/(-3) - 8. Let i be (0 - 1)/(t - -6). Let m(q) = q**2 - i + 8 + 6*q - 1. Determine m(-5).
1
Let p(y) = y**3 + y**2 + y. Let n(h) = h - 5. Let f be n(4). Let s(t) = -4*t**3 - 3*t + 2. Let m(r) = f*s(r) - 3*p(r). Give m(3).
-2
Let n(j) be the first derivative of j**2 + j + 3. Determine n(-2).
-3
Let d be ((-2)/3)/((-20)/(-30)). Let y(n) = 18*n + 15. Let c(x) = -x - 1. Let s(j) = 15*c(j) + y(j). Determine s(d).
-3
Let h(s) = s**2 + 2*s - 6. Let v be (-2)/(-4)*(0 + -10). Give h(v).
9
Let t(g) = g**3 + g**2 + g. Let p(b) be the third derivative of -b**6/120 + b**5/20 + b**4/24 + b**3/6 - b**2. Let k(x) = -p(x) + 3*t(x). Give k(1).
5
Let v(t) = 14*t**2 - t. Suppose g + 2*g + 3 = 0. Calculate v(g).
15
Let u(m) = -m + 8. Let t(c) = c - 4. Let i be t(7). Suppose 0 = l + 5*a - 31, 3*a - 17 = -i*l + 16. Give u(l).
2
Suppose i + 0*i = 0. Let z be ((-8)/6 - -1)*-15. Let c(v) = i*v + v + z*v. Determine c(-1).
-6
Let y(o) = o**2 + 5*o - 5. Let r(x) = x. Let a(u) = -u + 2. Let v be a(2). Suppose 3 = -v*d - 3*d. Let b(p) = d*y(p) + 2*r(p). Give b(-4).
1
Let p = -9 + 11. Suppose p*s + 0 = 4. Let c(m) = -4*m + 3. Determine c(s).
-5
Suppose -j - 8 = j. Let z(f) be the third derivative of -f**5/60 - f**4/12 - f**3/6 - f**2. What is z(j)?
-9
Let b(v) be the second derivative of v**5/20 - 5*v**4/12 + 5*v**3/6 + 2*v**2 + v. Suppose -3*p + 2*x = -6, 5 = p + p - x. Calculate b(p).
8
Let s(h) = h**3 - 9*h**2 + 7*h + 3. Let r be ((-3)/((-15)/8))/(6/30). Determine s(r).
-5
Let x(h) = 5*h + 1. Suppose -7 = 2*q - 11. Suppose -4*i + 8 = q*d, 2*d - d = -5*i + 7. Determine x(i).
6
Suppose -2 - 10 = -2*x. Let v(h) = -x + 5 + h - 5*h. Calculate v(1).
-5
Let l(q) be the second derivative of q**5/20 + q**4/3 - q**3 + q**2/2 + 4*q. Give l(-5).
6
Suppose -2*z - t + 2*t + 56 = 0, 2*z - 5*t - 40 = 0. Suppose -3*g = 2*g + z. Let h be ((-35)/21)/((-2)/g). Let b(m) = m**2 + 4*m - 1. Determine b(h).
4
Let s(w) = w + 1. Let q = -18 - -28. Let z be (4/5)/(q/(